s -3 (base 7) in base 10?
-3
What is -8 (base 15) in base 14?
-8
-11 (base 2) to base 13
-3
What is 15 (base 9) in base 7?
20
Convert -15b (base 14) to base 9.
-337
What is 0 (base 13) in base 10?
0
Convert -1101 (base 6) to base 16.
-fd
What is 6 (base 13) in base 10?
6
What is 43 (base 11) in base 10?
47
Convert -5 (base 9) to base 7.
-5
What is 13 (base 5) in base 16?
8
Convert -20 (base 4) to base 14.
-8
Convert -39 (base 14) to base 12.
-43
Convert -1022 (base 3) to base 2.
-100011
-27 (base 11) to base 4
-131
13 (base 9) to base 6
20
What is -1 (base 7) in base 10?
-1
What is 3 (base 11) in base 13?
3
-11012 (base 3) to base 15
-78
Convert 1010 (base 2) to base 12.
a
Convert 112 (base 5) to base 4.
200
What is -1131 (base 6) in base 10?
-271
-100 (base 2) to base 15
-4
121 (base 3) to base 2
10000
-10001 (base 3) to base 8
-122
What is c (base 13) in base 5?
22
-a (base 12) to base 10
-10
Convert -45 (base 10) to base 13.
-36
What is 10 (base 3) in base 10?
3
What is 426 (base 9) in base 7?
1005
Convert 0 (base 3) to base 15.
0
What is 0 (base 10) in base 11?
0
36 (base 12) to base 11
39
What is -221 (base 4) in base 12?
-35
What is -252 (base 6) in base 10?
-104
-108 (base 12) to base 10
-152
-31 (base 13) to base 10
-40
Convert -1202 (base 3) to base 13.
-38
What is -6 (base 15) in base 3?
-20
Convert 2011 (base 3) to base 7.
112
What is -2 (base 7) in base 5?
-2
Convert -256 (base 7) to base 11.
-117
What is -88 (base 14) in base 7?
-231
What is -177 (base 14) in base 9?
-364
-10 (base 6) to base 4
-12
Convert -11 (base 3) to base 12.
-4
What is 0 (base 14) in base 9?
0
-72 (base 13) to base 7
-162
What is 0 (base 14) in base 12?
0
7 (base 14) to base 8
7
Convert -6 (base 8) to base 4.
-12
What is 3 (base 6) in base 14?
3
-4b (base 13) to base 8
-77
What is 3 (base 12) in base 8?
3
41 (base 14) to base 8
71
-1 (base 4) to base 16
-1
-5 (base 14) to base 9
-5
What is -7 (base 10) in base 9?
-7
What is 9 (base 10) in base 9?
10
What is -4b (base 13) in base 9?
-70
Convert 63 (base 11) to base 6.
153
Convert 201 (base 3) to base 11.
18
0 (base 13) to base 9
0
Convert -12 (base 8) to base 12.
-a
What is -3 (base 13) in base 14?
-3
Convert 0 (base 13) to base 9.
0
-6 (base 16) to base 13
-6
What is -1 (base 13) in base 10?
-1
Convert -a8 (base 11) to base 12.
-9a
What is cd (base 16) in base 6?
541
-2 (base 6) to base 11
-2
-68 (base 12) to base 15
-55
-157 (base 11) to base 4
-2313
23 (base 4) to base 6
15
Convert -6 (base 9) to base 7.
-6
What is b (base 15) in base 7?
14
What is 0 (base 7) in base 6?
0
17 (base 12) to base 8
23
What is 110 (base 2) in base 9?
6
Convert -c (base 14) to base 5.
-22
What is -2a (base 12) in base 13?
-28
Convert -4 (base 12) to base 10.
-4
Convert 2 (base 3) to base 11.
2
Convert 11 (base 12) to base 11.
12
What is 2001 (base 3) in base 13?
43
Convert 10000 (base 2) to base 9.
17
Convert -136 (base 8) to base 10.
-94
2 (base 16) to base 9
2
Convert 44 (base 11) to base 12.
40
Convert -3 (base 14) to base 11.
-3
What is 1022 (base 3) in base 10?
35
Convert -34 (base 12) to base 7.
-55
What is -14 (base 16) in base 5?
-40
What is -100 (base 2) in base 13?
-4
What is -3 (base 10) in base 7?
-3
-3 (base 8) to base 15
-3
What is -324 (base 10) in base 14?
-192
Convert 3 (base 5) to base 9.
3
1 (base 7) to base 14
1
Convert 4 (base 14) to base 8.
4
What is -1000 (base 3) in base 4?
-123
What is 30 (base 9) in base 10?
27
Convert 45 (base 11) to base 2.
110001
Convert -15 (base 7) to base 2.
-1100
Convert -1 (base 5) to base 12.
-1
Convert -320 (base 4) to base 3.
-2002
8 (base 11) to base 3
22
-1200 (base 3) to base 13
-36
What is 66 (base 8) in base 12?
46
What is -4 (base 13) in base 7?
-4
Convert -31 (base 11) to base 2.
-100010
Convert -3 (base 12) to base 7.
-3
Convert -2 (base 10) to base 16.
-2
What is 2011 (base 3) in base 9?
64
What is -184 (base 10) in base 6?
-504
-148 (base 9) to base 5
-1000
What is 2 (base 13) in base 16?
2
-111 (base 2) to base 15
-7
What is -4 (base 10) in base 14?
-4
What is 1233 (base 5) in base 7?
364
What is 11 (base 8) in base 7?
12
What is 1222 (base 4) in base 15?
71
What is -4 (base 13) in base 12?
-4
Convert -49 (base 16) to base 9.
-81
Convert -100011 (base 2) to base 11.
-32
Convert -3 (base 12) to base 11.
-3
-56 (base 7) to base 3
-1112
Convert 36 (base 7) to base 5.
102
What is -1 (base 11) in base 12?
-1
What is 3 (base 12) in base 7?
3
250 (base 6) to base 14
74
Convert a (base 16) to base 5.
20
Convert -1 (base 10) to base 13.
-1
What is -11101 (base 2) in base 5?
-104
-53 (base 12) to base 5
-223
Convert 28 (base 9) to base 11.
24
Convert -4 (base 8) to base 12.
-4
2 (base 3) to base 2
10
Convert 210 (base 3) to base 2.
10101
-1 (base 3) to base 9
-1
What is -1315 (base 6) in base 4?
-11033
1 (base 9) to base 10
1
What is 211 (base 6) in base 8?
117
-16 (base 11) to base 16
-11
Convert -2e (base 15) to base 3.
-1122
Convert -10 (base 7) to base 13.
-7
What is -4b (base 12) in base 14?
-43
What is 3 (base 16) in base 3?
10
Convert 44 (base 5) to base 4.
120
What is 4 (base 5) in base 12?
4
Convert -120 (base 7) to base 15.
-43
What is 10 (base 3) in base 14?
3
-3 (base 8) to base 6
-3
What is -21 (base 4) in base 15?
-9
Convert 132 (base 4) to base 16.
1e
Convert -1 (base 12) to base 16.
-1
What is 5 (base 16) in base 6?
5
What is 27 (base 10) in base 8?
33
Convert 28 (base 10) to base 13.
22
What is -4 (base 13) in base 16?
-4
Convert 12 (base 3) to base 10.
5
Convert 23 (base 14) to base 3.
1011
Convert -183 (base 9) to base 7.
-312
Convert 15 (base 6) to base 9.
12
What is -50 (base 11) in base 8?
-67
What is 3 (base 10) in base 16?
3
-3 (base 5) to base 13
-3
4b (base 14) to base 12
57
Convert 4 (base 5) to base 4.
10
What is -2a (base 12) in base 4?
-202
Convert -1 (base 10) to base 16.
-1
-3 (base 13) to base 9
-3
100000 (base 2) to base 3
1012
Convert 8 (base 14) to base 11.
8
What is -ac (base 14) in base 16?
-98
11 (base 5) to base 2
110
What is 22 (base 14) in base 10?
30
Convert -2 (base 16) to base 9.
-2
Convert 1a (base 16) to base 4.
122
4 (base 12) to base 7
4
What is -23 (base 6) in base 10?
-15
Convert -47 (base 10) to base 8.
-57
Convert -4 (base 6) to base 10.
-4
What is 5 (base 12) in base 2?
101
What is 25 (base 6) in base 13?
14
-11111 (base 2) to base 7
-43
What is -13 (base 6) in base 3?
-100
Convert -2 (base 12) to base 11.
-2
-b (base 14) to base 12
-b
Convert -11 (base 13) to base 2.
-1110
-5 (base 14) to base 6
-5
What is 39 (base 10) in base 14?
2b
1 (base 3) to base 12
1
What is -3 (base 4) in base 2?
-11
What is -21 (base 12) in base 7?
-34
-4 (base 7) to base 9
-4
What is 37 (base 8) in base 9?
34
Convert -49 (base 14) to base 9.
-72
-7 (base 10) to base 14
-7
What is aa (base 11) in base 7?
231
Convert 66 (base 11) to base 16.
48
70 (base 16) to base 15
77
24 (base 6) to base 15
11
-c7 (base 13) to base 15
-ad
Convert 5 (base 10) to base 13.
5
What is -3 (base 4) in base 2?
-11
Convert -55 (base 9) to base 11.
-46
Convert -2 (base 10) to base 14.
-2
3 (base 7) to base 12
3
32 (base 9) to base 11
27
Convert 10 (base 3) to base 7.
3
Convert 1 (base 9) to base 15.
1
What is -223 (base 6) in base 8?
-127
-41 (base 10) to base 15
-2b
Convert 101 (base 4) to base 7.
23
12 (base 6) to base 14
8
What is -4 (base 15) in base 3?
-11
Convert 3 (base 9) to base 2.
11
13 (base 13) to base 10
16
0 (base 4) to base 16
0
What is -44 (base 5) in base 2?
-11000
What is -22 (base 4) in base 3?
-101
2 (base 15) to base 6
2
Convert a3 (base 13) to base 12.
b1
-206 (base 9) to base 6
-440
Convert 4 (base 14) to base 3.
11
What is 5d (base 14) in base 10?
83
-103 (base 5) to base 14
-20
What is 1a9 (base 15) in base 9?
466
What is -15 (base 7) in base 16?
-c
Convert 4 (base 7) to base 2.
100
What is -11 (base 12) in base 15?
-d
What is -11000101 (base 2) in base 9?
-238
Convert 101 (base 2) to base 8.
5
Convert 0 (base 8) to base 12.
0
Convert -2 (base 9) to base 3.
-2
Convert -13 (base 5) to base 16.
-8
6 (base 12) to base 7
6
-2 (base 7) to base 12
-2
What is 107 (base 13) in base 12?
128
Convert 270 (base 9) to base 16.
e1
-17 (base 12) to base 3
-201
Convert 10 (base 10) to base 6.
14
What is -2003 (base 5) in base 12?
-191
Convert -5 (base 16) 